e (8 + -3)*(-5)/5. Let k = s - -4. Let l(g) = k*b(g) + 6*q(g). Give l(4).
-11
Let q = 38 - 44. Let z(i) = -9*i + 16. Let a(h) = h - 1. Let o(k) = q*a(k) - z(k). Calculate o(7).
11
Let k(p) = -p**2 - 850*p + 427*p - 3 + 423*p. Calculate k(-3).
-12
Let w(v) = -194*v**3 - 1 - 13 + 193*v**3 - 7*v**2 + 8*v. What is w(-8)?
-14
Let o(h) = h**2 + 4*h - 6. Let w(u) = -3*u**2 + 7*u + 1. Let j be w(3). What is o(j)?
-1
Let x(m) = -3*m**3 + 9*m**2 + 10. Let d(n) = 2*n**3 - 8*n**2 - 8. Let s(o) = 4*d(o) + 3*x(o). Calculate s(-5).
-2
Suppose 3*h + 9 - 30 = -3*m, h - 3*m + 13 = 0. Let j(a) = 5*a - 6*a**2 - 2*a**2 + 7*a**h - a. Give j(3).
3
Let l(h) be the third derivative of -h**6/60 + h**5/30 + h**4/8 + h**3/6 + 2*h**2 - 21*h. Calculate l(-2).
19
Let q(m) = 7*m**2 - m + 9. Let i(h) = -6*h**2 + 3*h - 12. Let t(p) = -17*p**2 + 10*p - 37. Let n(l) = 7*i(l) - 2*t(l). Let b(v) = 6*n(v) + 7*q(v). Give b(0).
3
Let s(f) = -4*f + 4*f**2 - f**2 + 1 + 3*f**2. Let l be s(1). Let k(n) = n**3 - 3*n**2 - n + 3. What is k(l)?
0
Let q(k) be the second derivative of -5*k**3/6 + k**2/2 - 52*k - 2. What is q(-1)?
6
Let g(n) be the first derivative of 28*n**2 - 7 - 34 - 31*n**2 - n. What is g(5)?
-31
Let g(j) = -375*j - 32 + 31 + 377*j + 3*j**2. Suppose -5*k - y - 7 = 0, 2*k + 25 = -3*k + 5*y. Let d be 8/6 - k/(-6). Calculate g(d).
4
Suppose -18 = -2*b + 3*s, b + 0*s - 4*s - 19 = 0. Let t = -13 + 15. Let h(i) = i**3 - 18 - 2*i + 12 - 2*i**b - 6*i**t. What is h(-6)?
6
Let j(w) = -13*w**3 + 35*w**2 + 0 - 36*w**2 + 1. Let l(b) = -2*b - 33. Let g be l(-17). Determine j(g).
-13
Let m(d) = d**3 - 7*d**2 + 5*d + 5. Let q be m(6). Let x(g) = -2 + 5 + 31*g - 6*g**2 - 35*g. Let k(w) = -w + 1. Let v(j) = 4*k(j) - x(j). What is v(q)?
7
Let m(h) = h**2 - 5*h - 6. Let q(t) = 2*t**2 - 9*t - 10. Let c be q(8). Suppose 5*g = 16 - c. Let p be (12/3)/((-4)/g). What is m(p)?
0
Let o(q) = -12*q + 5*q**2 - 4837*q**3 - 2 - 8 + 4838*q**3 - 4*q. Calculate o(-7).
4
Let h(r) = -7*r - 3. Let a be (-4 - 7/7)*(-3)/(-5). Determine h(a).
18
Let g = 21 + -16. Suppose -i + g*f = 15, -9 = 2*i + i + 3*f. Let z be (-15)/6*(-4)/i. Let u(r) = 4*r - 1. Give u(z).
-9
Let k(j) = j - 5. Suppose -3 = 3*z, -6*q = -3*q + 3*z - 12. Suppose -q = -y - 1. Calculate k(y).
-1
Let w be (3 + 1)*-1 - 0. Let f(b) = b**2 + 3*b - 8. Let v(s) = -s**2 - 3*s + 9. Let l(g) = -5*f(g) - 4*v(g). Let u be l(w). Let y(r) = -r**2 + r - 5. Give y(u).
-5
Let m(v) = 9*v + 4. Let p be (12/10)/(44/(-10) - -4). What is m(p)?
-23
Let y(j) = 0 - 4*j - 8 + 0*j + j. Let p be y(-7). Let s = p - 7. Let w(a) = a**2 - 5*a - 8. Determine w(s).
-2
Let u(b) = -5 + 7*b**3 + 6*b**3 - 7*b - 14*b**3 + 8*b**2. Let h be (5/20)/(((-2)/(-56))/1). Give u(h).
-5
Suppose p - 8*p = 0. Let s(u) = -4 - 50*u + p*u**3 + 51*u - 6*u**2 - 3*u**3 + 4*u**3. Give s(6).
2
Let l = -28 + 47. Suppose 10 = -2*m - 3*b, 0*m + 5*b = -m - l. Let f(j) = -j - m - j + j. Give f(-5).
4
Let g = 2 + 12. Let n(k) = g*k**2 + 5 + 5*k - 7*k**2 - 8*k**2. What is n(6)?
-1
Let p be (24/(-15) - -1) + 624/(-60). Let r be 7 + p + 2*4 + 2. Let m(j) = -j**3 + 6*j**2 + 2*j - 6. Calculate m(r).
6
Let w = -110 - -109. Let y(u) = 9*u + 2. Give y(w).
-7
Let w(a) = -a**2 - 6. Let l(r) = 39*r**3 + 2*r + 1. Let o be l(-1). Let k be (o/1)/4 - 2. Let m = k - -12. What is w(m)?
-6
Let t(f) = -f**3 + 5*f**2 + 5*f + 2. Let x be 2 - ((-12)/4 + -1). Suppose x*k - 54 = -18. Give t(k).
-4
Let x(h) = 7*h**2 + 6*h - 4. Let q be x(2). Let k be -6 + 4/2 - 26. Let l = q + k. Let a(w) = 2*w - 9. Give a(l).
3
Let p(x) = 34*x + 12. Let c be p(5). Suppose -c = 5*d + 2*d. Let a = d - -23. Let k(i) = -i**2 - 3*i + 3. Calculate k(a).
3
Let s(m) = -m**2 + 2*m - 1. Let v(g) = 24*g**2 + 17*g - 1. Let h be v(-1). Give s(h).
-25
Let y be ((-10)/6)/((-3)/18*10). Let g(f) = -2*f - 3. Let z(b) be the third derivative of b**4/8 + 2*b**3/3 - b**2. Let t(p) = -5*g(p) - 4*z(p). Determine t(y).
-3
Let c(v) = v**3 - 12*v**2 - 64*v. Let g be c(16). Let b(h) = -h**3 + h**2 + h + 8. Give b(g).
8
Let c(x) = -12*x**3 - x**2. Suppose -2*y + 2 = 16. Let u(v) = v + 6. Let f be u(y). Determine c(f).
11
Let f(m) = -2*m**3 - 21*m**2 + 7*m - 25. Let x(k) = k**3 + 10*k**2 - 3*k + 12. Let l(r) = 4*f(r) + 9*x(r). Let o = -58 + 66. Let a = 2 - o. Calculate l(a).
2
Let v(p) be the third derivative of p**4/24 + 17*p**3/6 + 27*p**2. Let w(d) = d - 7. Let g be w(11). Suppose 0 = -g*j + 5*j. Calculate v(j).
17
Let y(a) = 20*a**2 - 19*a**2 + 3 - 3*a - 4. Suppose -58*j + 52*j = 12. Determine y(j).
9
Let c(w) = -w + 2. Suppose 0 = -2*a + 4*q - 23 + 1, 5*a = q - 19. Let o be (-4*(-6)/48)/((-2)/(-4)). Let m be 4 + a + -2 - o. Calculate c(m).
4
Let t(i) = -5*i + 2*i - 6 - i**2 - 8*i - 2*i + 9*i. Give t(-5).
-11
Let n(y) be the third derivative of y**5/60 + 3*y**4/8 - 13*y**3/6 + 8*y**2 - 20*y. What is n(-11)?
9
Let x(w) be the first derivative of w**4/12 - w**3/6 - 2*w**2 + 27*w - 31. Let g(s) be the first derivative of x(s). Give g(0).
-4
Let g(d) be the first derivative of d**2 - 19*d + 347. What is g(10)?
1
Let g = -939 - -936. Let v(a) = -3*a**3 - 3*a**2 + 3*a - 1. Determine v(g).
44
Let b(a) = -105*a - 40. Suppose -23*d + 20*d = -9. Let u(w) = 8*w + 3. Let h(o) = d*b(o) + 40*u(o). Give h(3).
15
Let k(p) = -p + 14. Let n be k(17). Let s(o) = -5*o**2 - 3*o - 5. Let g(t) = t**2 + 1. Let f(i) = 6*g(i) + s(i). Determine f(n).
19
Let v(f) = f**3 + 9*f**2 + f + 10. Let s = -101 - -103. Let n be s*(-3 - 9/(-24)*-4). Give v(n).
1
Let r(p) be the second derivative of -p**5/20 - p**4/2 + 2*p**2 - 191*p. Determine r(-6).
4
Let j(g) = -2*g**2 - 13 + 12*g + 0 - 3 + 23. Calculate j(10).
-73
Let j(p) = -3*p. Suppose 2*l + 5*b - 67 = 0, 4*b = -3*l + 42 + 62. Let m = l + -37. Determine j(m).
3
Let t = 24 + -14. Suppose -5*z + 13 = 3*h - 9, -2*h = z - t. Let f(s) = 8*s - 2. Give f(z).
14
Suppose -4*w - 5*b = -30, -5*b = 18*w - 16*w - 20. Let t be (6 + -4)*1 - w. Let v(x) = -x**2 - 4*x - 3. Calculate v(t).
0
Let c = -130 + 134. Let y(m) be the third derivative of 1/3*m**3 + 1/24*m**c + 0*m - 3*m**2 + 0. What is y(-2)?
0
Let s = -8 - -13. Suppose -5*t + 35 = 4*i, -5*i + 31 = -2*t + 4*t. Let f(w) = i*w - 4*w + 1 + 5*w - 5*w + w**3 - 5*w**2. Give f(s).
6
Let s be 2/14 + -50*9/63. Let f(u) = 2*u + 1. Calculate f(s).
-13
Let t(o) be the first derivative of -o**2/2 + 34. Suppose 8 = 3*a - 1. What is t(a)?
-3
Let f(o) = o**3 + 5*o + o**3 + 1 + 6*o**2 - o**3 + 3. Let g be (1/(-3))/((-16)/192). Suppose -20 = g*x + x. Determine f(x).
16
Let x(g) be the first derivative of -5*g**4/4 - g**2 - g + 49. Determine x(-1).
6
Let p(v) be the second derivative of v**5/120 + v**4/4 - 3*v**3/2 + 19*v. Let c(b) be the second derivative of p(b). Give c(0).
6
Let o be 47/((1 - -3) + -3) - 2. Let y(n) = o*n - 21*n - 1 - 23*n. Calculate y(-5).
-6
Let v(r) = 2*r + 2*r + 0*r - 5*r. Let g(m) = -5*m**3 + m + 3*m**3 - 5*m**3. Let h be g(-1). Calculate v(h).
-6
Let x(q) = 2*q - 3. Let n(z) = 39*z**3 - 3*z**2 + 4*z - 1. Let i be n(1). Let s = i - 36. Calculate x(s).
3
Let c(s) = -s + 11. Let q(v) = -1. Let d(w) = c(w) - 5*q(w). Determine d(5).
11
Let r be (5/3)/5*-3. Let l = 2 + r. Let w(c) = 9*c**2 + 5*c - 2. Let j(s) = -14*s**2 - 8*s + 3. Let p(m) = -5*j(m) - 8*w(m). Determine p(l).
-1
Let d = 19 - 11. Let u(s) = -3*s. Let t(r) = -r**2 - 10*r - 9. Let f(a) = -t(a) + 6*u(a). Calculate f(d).
9
Let j be (-5)/2*((-48)/10 - -4). Let n(t) = 0 - t + 0 - j - 4. What is n(-10)?
4
Let a = -67 + 82. Let f(s) = -s**3 + 16*s**2 - 16*s + 19. Let z be f(a). Let v(t) = -t**2 + 2*t - 1. What is v(z)?
-9
Let f(u) = u**2 + 2*u. Let x(v) = 2*v**2 + v + 1. Let c(g) = 3*f(g) - 2*x(g). Let n be c(2). Let w(l) = -2 - n*l - 10*l + 2. What is w(1)?
-12
Let h = -9 + 9. Suppose -17 = -m + 4*u, h*m + 11 = m - 2*u. Suppose 3*w + 30 = 3*f, -m*f + 3*f = -6. Let p(z) = -z**2 - 7*z - 7. Calculate p(w).
-7
Suppose x - 8 = -f - 7, 3*f + 13 = x. Let q(w) be the second derivative of -x*w + 0 + 1/3*w**3 - 1/2*w**2. Calculate q(-2).
-5
Let y(s) be the second derivative of -4*s + 0 + 9/2*s**2 + 1/6*s**3. Let l be y(-9). Let q(v) = v - 6. Give q(l).
-6
Suppose -4*o + 3*m + 29 = -2*o, -o + 5*m = -25. Let p(z) = z**2 - 10*z + 4. Determine p(o).
4
Let j(a) = -6*a**2 - 3*a - 3. Let t(b) = b**2 - b. Let c(q) = j(q) + 5*t(q). Let r be c(0). Let f(g) = -2*g + g**3 + 